1*w + 4. List the prime factors of n(z).
2, 13
Let j = 81553 - 52603. What are the prime factors of j?
2, 3, 5, 193
Let x(t) = 1474*t**3 - 2*t**2 + 7. What are the prime factors of x(2)?
13, 907
Let d be (3 + 0 + -2)*0. Let r be 5 - (14 + -30 + 12). Suppose -r*a - 1642 + 3946 = d. What are the prime factors of a?
2
Let g = 103 + 49. Let w = g + 365. What are the prime factors of w?
11, 47
Suppose -u - 2*u + 6 = 0. Suppose -4*w + w = u*w. Suppose -3*a - 2*a + 160 = w. List the prime factors of a.
2
Suppose -3*i + 0 + 3 = 3*x, -5*i - 4*x = -3. Suppose b - 3 = 2*l - 1, -5*l - 11 = -b. What are the prime factors of i/l*15/(-10)*-182?
7, 13
Let g be ((-4)/(-6))/(6/18). Suppose 0 = -4*l - 14 + g, -4*k + 5*l + 299 = 0. List the prime factors of k.
71
Let u be 0 - ((-22)/(-8))/(6/(-24)). Suppose -11 + u = -5*z. Suppose -6*m + 396 = -z*m. What are the prime factors of m?
2, 3, 11
Let u be 159/9*(0 + 6). Let v = 1893 - 1700. Let w = v - u. List the prime factors of w.
3, 29
Suppose -46*l + 468 - 238 = 0. Let o(u) be the third derivative of 9*u**4/8 - 5*u**3/3 - u**2. What are the prime factors of o(l)?
5
Suppose 16*m - 16 - 16 = 0. What are the prime factors of (-140)/(-34) + m/(-17) + 37?
41
Suppose 3*j + 6 = 3*q, -2*j + 6*j - 2*q + 10 = 0. Let n(c) = 75*c**2 - 5*c. Let g be n(j). List the prime factors of (g/(-25))/(6/(-20)).
2, 23
Suppose -18*c + 20*c - 5553 = 31265. What are the prime factors of c?
41, 449
Let g be -363*(28/12 + -3). Suppose 2*j - 2*i - g = 3*i, -i = 2*j - 254. What are the prime factors of j?
2, 3, 7
Let l(u) = u + 3. Let t(z) = 9*z - 3. Let k be t(1). Let r be l(k). List the prime factors of r/(-90) - 2682/(-20).
2, 67
Let i(p) = p**2 - 3*p + 4. Suppose 6*a - 2 = 5*a. Let v be i(a). Suppose -v*q = -2, -585 = -3*x - 5*q + 113. What are the prime factors of x?
3, 7, 11
Let y = 4074 + -367. List the prime factors of y.
11, 337
What are the prime factors of ((-21)/(-12))/7 - (-83349)/12?
2, 23, 151
Let k = 191 + -97. Let r = k - 99. Let y(a) = -11*a + 21. List the prime factors of y(r).
2, 19
Let v(o) = 2*o + 163. Let q be v(-85). Let x(d) = 3*d - 5*d - 5*d**2 - 2*d**3 + d**3 - 16. What are the prime factors of x(q)?
2, 3
Let d(k) = 58*k - 84. Let a be d(-8). List the prime factors of (3/18 - a/24)*36.
2, 3, 23
Let a = 93 + -101. Let b(t) = 8*t**2 - 11*t - 2. List the prime factors of b(a).
2, 13, 23
Let m(s) = 12 + s**2 + 5*s + 3*s**2 + 27 - 10. Let f(o) = -o**2. Let z(v) = 3*f(v) + m(v). List the prime factors of z(9).
5, 31
Suppose -993*i = -980*i - 3484. What are the prime factors of i?
2, 67
Let z be ((-2)/(-2))/(126/7434). Suppose 8 = -3*u + 2*u. Let j = z + u. List the prime factors of j.
3, 17
Let l(m) = -2634*m + 2290. List the prime factors of l(-8).
2, 11681
Let j(m) = 3 - 7*m + 5*m - 3*m**3 - 3 - 2*m**2. Suppose y = -3 + 1. List the prime factors of j(y).
2, 5
Let h = 31166 - 11162. List the prime factors of h.
2, 3, 1667
List the prime factors of 11/22*(11845 - 7).
3, 1973
Suppose -11*m + 32 = -3*m. Suppose 0 = -2*w - m*z + 136, 2*w + 5*z - 281 = -2*w. Suppose 2*h = y - 2*h - w, 0 = -2*y - 2*h + 178. List the prime factors of y.
2, 43
Let m be (-3)/((-22)/(-44)*(-1 - -3)). List the prime factors of 5 - -2*(-1041)/9*m.
3, 233
Let z(k) = -3*k**3 - k**2 - 2*k - 6. Let j be z(-2). Let w(b) = -b**3 + 16*b**2 + 34*b + 40. Let u be w(j). What are the prime factors of 2*(u + -5)*-4?
2
Suppose 4*c - 3*o - 96 = -7*o, 4*c = 3*o + 75. Let j(z) = z**3 - 20*z**2 + z - 11. List the prime factors of j(c).
11, 41
Suppose 21266 = 5*p + 6*x, -2*x + 4250 = 7*p - 6*p. What are the prime factors of p?
2, 2129
Suppose 68 = 36*v - 19*v. Suppose -20 = 2*a + 2*a, 0 = 2*c - v*a - 1308. List the prime factors of c.
2, 7, 23
Let g(n) = -2*n**3 + 8*n**2 + 25*n + 2. Let a be g(6). Suppose -5*r = -3*p - 6123, -6*r + a*r - p = 2449. What are the prime factors of r?
2, 3, 17
Let o = -166 - -171. Suppose 0 = -3*f + 2*b + 1331 + 2418, 5*f - o*b = 6240. What are the prime factors of f?
7, 179
Suppose 14*h + 4933 = -499. Let d = 52 - h. What are the prime factors of d?
2, 5, 11
Let o(c) = -c**3 - 62*c**2 - 50*c + 1070. List the prime factors of o(-70).
2, 3, 5, 1459
Let x = 23997 - 12335. What are the prime factors of x?
2, 7, 17
Let f = 11541 - 2781. List the prime factors of f.
2, 3, 5, 73
Let x = 108933 - 58783. List the prime factors of x.
2, 5, 17, 59
Suppose 5*q - 8537 = 3*g, -2*q - 9*g = -8*g - 3417. Suppose -7*i + 9611 = q. List the prime factors of i.
1129
Let u(y) = -y**2 + 17*y + 26. Let w = 1 + 17. Let f be u(w). List the prime factors of f/((-12)/(8/2) + 4).
2
Suppose 2*a + 819 = s - 1071, -4*a - 5678 = -3*s. List the prime factors of s.
2, 13, 73
Let d = 1588 - 858. Suppose -5*y = -d + 300. Suppose 3*i - 2*t = 34, -4*i = -5*t + 29 - y. What are the prime factors of i?
2
List the prime factors of ((-516166)/644)/((-2)/4).
7, 229
Let b(k) = 80*k**2 + 3*k - 3. Suppose -2*s - c + 32 = 2*c, 6 = -3*c. Suppose -4*d = -9*u + 4*u + 16, d + s = 5*u. List the prime factors of b(d).
2, 5
Suppose -6*x - 4079 + 135491 = 0. List the prime factors of x.
2, 47, 233
Suppose 11*m - 282316 = 194490. List the prime factors of m.
2, 21673
Suppose 93*z = 90*z + 15906. What are the prime factors of z?
2, 11, 241
What are the prime factors of ((-20 - -34) + -15)*(-9900)/1?
2, 3, 5, 11
Let s = 367 - 204. Let f = s + -97. List the prime factors of f.
2, 3, 11
Let r = 0 + 0. Let g(l) = -2*l + 212. Let j be g(r). Let h = -138 + j. What are the prime factors of h?
2, 37
Let j = 49 - 325. List the prime factors of -5*j/(-30)*-23.
2, 23
Let x(t) = -t**2 - 13*t + 2. Let n be x(-12). Let r(j) = 2*j**2 + 17*j - 12. List the prime factors of r(n).
2, 3, 103
Suppose -15*o + 18211 = -118019. What are the prime factors of o?
2, 19, 239
Let x(t) = -9*t**2 + 18*t - 17. Let k be x(9). Let h = -170 - k. What are the prime factors of h?
2, 3, 23
Let p = -682 + 979. Suppose 6*q + 4*o = 5*q + p, 2*q - 614 = -3*o. List the prime factors of q.
313
Let x be 1 + 28 - (-8)/(-2). Suppose 0 = -x*k + 21*k + 1884. What are the prime factors of k?
3, 157
Let z = 304 - 308. Let n(t) be the third derivative of -2*t**4 + 4*t**3/3 - 10*t**2. List the prime factors of n(z).
2, 5
Let k(t) = 7587*t**2 - 236*t - 470. What are the prime factors of k(-2)?
2, 5, 607
Let i = 9796 - 3957. List the prime factors of i.
5839
Let q(r) = r**3 + 62*r**2 - 13*r - 214. List the prime factors of q(-31).
2, 5, 1499
Let m(t) = t**3 - 5*t**2 + 4*t + 3. Let a(i) = -2*i - 11. Let v be a(-3). Let q(k) = -k**3 - 5*k**2 - 3*k - 9. Let n be q(v). List the prime factors of m(n).
3, 7
Suppose 3*i = -3*h + i, -5*h = -5*i. Let z(y) = -y**3 + 2*y**2 + 8*y + 939. What are the prime factors of z(h)?
3, 313
Suppose -45*m = -39*m - 18. Suppose -m*d + 2919 = 4*j, -29*d + 25*d + 4*j + 3920 = 0. List the prime factors of d.
977
Let o be (-2)/(-4)*(-22 + 136). Let y = o + -92. What are the prime factors of (7 + 0)/(y/(-1190))?
2, 7, 17
Suppose 0 = -5*a + 15*o - 13*o + 2998, -2*a + o = -1200. List the prime factors of a.
2, 13, 23
Let p(s) = 808*s - 5493. What are the prime factors of p(11)?
5, 7, 97
Let q be 2354/66 + (-15)/9. Suppose 0 = q*d - 11*d - 21942. List the prime factors of d.
2, 3, 53
Let k(w) = 32 + w - 28 + w**3 - 5*w + 6*w**2. Let r be k(-6). Let p = 53 - r. What are the prime factors of p?
5
Let z(v) = -453*v + 7169. What are the prime factors of z(-61)?
2, 17401
Let j(z) = 8*z - 2. Let t be j(-14). Let m = 114 + t. Suppose -3*w + 0*w + 299 = y, -2*y - 2*w + 590 = m. List the prime factors of y.
293
Let c(t) be the second derivative of t**3/2 + 19*t**2/2 + 2*t + 26. Let u be c(7). List the prime factors of (249/(-2))/((-30)/u).
2, 83
Let n = -513 + 511. Let q(s) = -236*s + 49. What are the prime factors of q(n)?
521
Suppose 2*s = -f + 8, -s + 7 = f + 2. Suppose -j - 4*x = -366, -2*j = f*j - 5*x - 1380. List the prime factors of j.
2, 5, 7
List the prime factors of 24/(-28)*-3*(-94598)/(-87).
2, 3, 233
Suppose -5*w - 2*o + 17 = 0, 3 = w + 2*o - 2. Suppose 2*n + 145 = -w*n. Let m = n - -36. List the prime factors of m.
7
Let k = 219 + -217. Suppose 2*r - 249 = k*h + 301, -2*h - 1387 = -5*r. What are the prime factors of r?
3, 31
Let a(z) = -15*z**3 + 17*z**2 + 9*z + 32. What are the prime factors of a(-5)?
2287
Suppose 5*t - 